e 16.
20502
Convert -13154134 (base 6) to base 3.
-211002211011
-514254 (base 8) to base 16
-298ac
12105254 (base 9) to base 6
330351204
What is -175006 (base 8) in base 10?
-64006
Convert 71324 (base 10) to base 3.
10121211122
-11024000 (base 6) to base 9
-552660
What is 11021122120212 (base 3) in base 12?
919412
Convert 1100111001001010010111 (base 2) to base 7.
40504554
Convert -10010110001100110 (base 2) to base 14.
-20050
Convert cd3712 (base 14) to base 6.
405123420
184c3 (base 16) to base 6
2044431
-7651862 (base 9) to base 16
-3eb14b
-551777 (base 8) to base 13
-66492
-1023330100 (base 4) to base 12
-130014
Convert e15251 (base 16) to base 9.
30706054
What is -19573 (base 12) in base 13?
-13b66
-30a6727 (base 13) to base 4
-320120200103
Convert -a23a09 (base 16) to base 6.
-1015512441
Convert -128287 (base 9) to base 16.
-131a4
-730815 (base 12) to base 9
-3351238
10320134 (base 5) to base 16
15ada
What is 16174553 (base 8) in base 4?
32033211223
Convert -10012011120121 (base 3) to base 8.
-6360513
Convert 404767 (base 13) to base 11.
931429
Convert 2200020002 (base 3) to base 10.
52652
-111100110111111111100 (base 2) to base 4
-13212333330
What is 318592 (base 15) in base 5?
1100411022
Convert 56415 (base 13) to base 6.
3205213
What is 7377543 (base 8) in base 11?
1123033
What is -11100101100010100 (base 2) in base 9?
-188182
Convert -2640075 (base 9) to base 15.
-1d7a78
Convert 5602013 (base 8) to base 10.
1508363
7cb251 (base 13) to base 16
2d4352
-166576 (base 9) to base 16
-1935f
22914 (base 14) to base 11
58207
-120011210 (base 4) to base 11
-68141
Convert -9b83b0 (base 13) to base 14.
-6b8d10
Convert 9d38cb (base 14) to base 11.
3024428
3780526 (base 11) to base 16
641839
What is -ad3891 (base 14) in base 3?
-102002010020100
1101112010202 (base 3) to base 13
1cb239
165c9 (base 16) to base 8
262711
What is -110000101111110100 (base 2) in base 5?
-22342133
What is 61867 (base 10) in base 11?
42533
What is 5034255 (base 7) in base 13?
17b93b
What is 2554770 (base 9) in base 3?
2121211212100
-347444 (base 8) to base 13
-41c74
What is 11011100100100111000 (base 2) in base 11?
567886
-6fdd1b (base 16) to base 3
-111210110101012
84410 (base 12) to base 13
60bc7
Convert -45001 (base 14) to base 3.
-22111121110
What is -5145010 (base 6) in base 2?
-111100011000011110
What is -5284373 (base 11) in base 10?
-9302802
What is 1a5b063 (base 14) in base 11?
745894a
Convert 1051720 (base 8) to base 7.
2260552
Convert -65b721 (base 13) to base 3.
-11111201121112
What is -10011000111101101010 (base 2) in base 13?
-18c243
21871834 (base 9) to base 4
220200010102
103d5c (base 14) to base 6
15432114
-145bb39 (base 12) to base 10
-4105629
What is -514300 (base 8) in base 2?
-101001100011000000
What is 104401332 (base 6) in base 3?
10120102010202
Convert 1570146 (base 9) to base 7.
10263264
-a86266 (base 13) to base 14
-74d498
Convert -357471 (base 9) to base 11.
-137958
What is 13300023302 (base 4) in base 2?
111110000001011110010
Convert 14988 (base 10) to base 2.
11101010001100
Convert 13110231230 (base 4) to base 5.
442413402
What is 2011211223 (base 4) in base 15?
ac1d9
15935 (base 14) to base 4
31022323
What is -121138 (base 10) in base 9?
-204147
What is -10103013 (base 6) in base 8?
-1063161
What is -169a24 (base 11) in base 15?
-529e2
1322020121 (base 4) to base 14
d0441
Convert 152b0 (base 15) to base 11.
471a3
230131131 (base 5) to base 11
637a32
Convert 2127766 (base 9) to base 5.
243001113
-75793 (base 11) to base 13
-3b157
Convert 1817c (base 16) to base 5.
11124214
-1357d9 (base 14) to base 4
-2203023003
-737660 (base 9) to base 6
-13222513
What is -12311204 (base 6) in base 9?
-666154
-25a271 (base 11) to base 15
-81277
Convert -69aa10 (base 14) to base 3.
-20210000011012
What is 122002120211110 (base 3) in base 13?
1b614a3
-3331330103 (base 4) to base 5
-231241042
What is 81083 (base 10) in base 6?
1423215
1077822 (base 9) to base 4
2032113203
What is 20212312013 (base 4) in base 11?
1301189
What is 202201113 (base 5) in base 14?
174616
What is 29bcc (base 13) in base 7?
446044
What is -100001111010000110 (base 2) in base 3?
-21001111221
Convert -1137029 (base 11) to base 12.
-7b92a3
-11423103 (base 5) to base 9
-174012
Convert 3321442 (base 6) to base 15.
343ee
312100201 (base 4) to base 7
1613635
Convert -132021331 (base 4) to base 12.
-5b591
What is 72042 (base 10) in base 14?
1c37c
-3c60e (base 16) to base 3
-110120020122
Convert 2b3611 (base 15) to base 8.
7754314
-9c021a (base 13) to base 4
-32003211322
Convert 160791 (base 16) to base 6.
50535533
-18399 (base 15) to base 8
-231154
Convert 1303123200 (base 4) to base 9.
800503
Convert 151c57 (base 13) to base 15.
a38ea
-1227711 (base 8) to base 16
-52fc9
-326887 (base 9) to base 5
-22222440
What is -116160 (base 8) in base 4?
-21301300
Convert -111221021121 (base 3) to base 16.
-42f85
Convert 62c4b (base 14) to base 12.
b5b6b
-24c56d (base 14) to base 2
-100110100011011010101
Convert 214352 (base 9) to base 3.
20111101202
What is -10656224 (base 7) in base 13?
-26b283
What is -30350304 (base 6) in base 15?
-122a6d
What is 100011100000010001000 (base 2) in base 8?
4340210
What is 223638 (base 9) in base 8?
405450
Convert 322033033 (base 5) to base 13.
388a0a
Convert 90ba (base 12) to base 8.
36516
-32055 (base 6) to base 12
-262b
Convert -264dae (base 15) to base 11.
-104680a
-945657 (base 10) to base 3
-1210001012100
Convert -526774 (base 9) to base 10.
-313375
What is 2192 (base 11) in base 13?
140b
Convert 1441350 (base 7) to base 10.
195006
-4065340 (base 7) to base 8
-1666754
What is 3b002 (base 16) in base 2?
111011000000000010
What is -184a995 (base 11) in base 5?
-1300224121
What is -639610 (base 11) in base 2?
-11111001101111100001
-26e6a1 (base 16) to base 10
-2549409
Convert -567021 (base 9) to base 12.
-144731
41bc75 (base 14) to base 16
21e90f
30362437 (base 8) to base 16
61e51f
253113 (base 9) to base 2
100101011001011111
10901607 (base 10) to base 4
221211201213
What is 130335643 (base 7) in base 2?
11111101001001010110110
Convert -44556 (base 14) to base 11.
-103543
325b9 (base 15) to base 5
20104144
What is 6571821 (base 9) in base 8?
15360716
-116538 (base 14) to base 15
-badc4
18554 (base 11) to base 14
965b
What is -121845 (base 9) in base 7?
-424355
-14778443 (base 10) to base 12
-4b4840b
Convert -20321301002 (base 4) to base 8.
-10716102
What is 145025250 (base 7) in base 8?
44647154
Convert 8430265 (base 9) to base 13.
c1a948
Convert 48983 (base 13) to base 7.
1064030
What is -136062400 (base 7) in base 10?
-8956612
What is 12356452 (base 7) in base 14?
213662
What is 1038c0 (base 16) in base 12?
433280
2001011111 (base 3) to base 12
1b334
Convert 2102201222 (base 3) to base 8.
135464
Convert 2144730 (base 8) to base 3.
1002021001212
Convert -2226f4 (base 16) to base 11.
-1299654
191b89 (base 12) to base 2
1101011001001011001
Convert -4e6c83 (base 16) to base 6.
-302054215
2bd49 (base 14) to base 4
122300331
3043332101 (base 5) to base 9
12645288
What is -10320133311 (base 4) in base 8?
-4703765
What is -31940 (base 11) in base 16?
-b533
-90928 (base 10) to base 5
-10402203
What is 2110200201220 (base 3) in base 15?
1ade5c
What is 54640 (base 7) in base 15?
40d4
Convert -143059 (base 12) to base 3.
-122010022120
What is -4346470 (base 9) in base 2?
-1000111001110011011100
What is 1500511 (base 8) in base 15?
864ad
What is 1315396 (base 11) in base 14?
433898
Convert 1c4aa (base 13) to base 6.
1110021
What is 745963 (base 11) in base 15?
188a74
-ddcc (base 15) to base 16
-b790
-2618a8 (base 16) to base 8
-11414250
Convert 2105223 (base 7) to base 8.
757757
Convert -260259 (base 10) to base 15.
-521a9
Convert 10112212011121 (base 3) to base 11.
1079621
Convert 11010200112 (base 3) to base 4.
103320023
10120200110 (base 3) to base 10
70482
What is -112889 (base 14) in base 4?
-2032123321
What is -1231002133 (base 4) in base 15?
-8c4ed
Convert 1848782 (base 10) to base 8.
7032716
What is 10101011001100010 (base 2) in base 15?
1ae85
Convert 24142452 (base 7) to base 5.
1022120022
What is 982cb (base 13) in base 3?
111222102000
What is 12a877 (base 14) in base 10?
643769
-4a49 (base 12) to base 3
-102112110
Convert 14ac7f (base 16) to base 11.
845a39
What is